{"id":81,"date":"2022-11-04T08:45:31","date_gmt":"2022-11-04T08:45:31","guid":{"rendered":"https:\/\/campingpark-siebengebirge.de\/?page_id=81"},"modified":"2024-08-26T18:50:29","modified_gmt":"2024-08-26T18:50:29","slug":"home","status":"publish","type":"page","link":"https:\/\/campingpark-siebengebirge.de\/","title":{"rendered":"Start"},"content":{"rendered":"\n<div class=\"wp-block-nextend-smartslider3\">[smartslider3 slider=&#8220;4&#8243;]<\/div>\n\n\n\n<h2><mark style=\"background-color:rgba(0, 0, 0, 0)\" class=\"has-inline-color has-luminous-vivid-orange-color\">Achtung: Wegen notwendigen Arbeiten ist das Schwimmbad momentan nicht in Betrieb! <\/mark><\/h2>\n\n\n\n<h1 class=\"has-x-large-font-size\">Naturcamping im Siebengebirge&nbsp;<\/h1>\n\n\n\n<h1 class=\"has-medium-font-size\">F\u00fcr alle, die eine Auszeit vom&nbsp;hektischem&nbsp;Alltag brauchen.<\/h1>\n\n\n\n<p class=\"has-regular-font-size\">Unser Campingplatz liegt mitten im Siebengebirge und ist ein idealer Ausgangspunkt f\u00fcr Tagesausfl\u00fcge, Wanderungen und Radtouren in den Naturpark Siebengebirge, in das sch\u00f6ne Rheinland und in den Westerwald. Ob Erholung oder Aktivit\u00e4t im Mittelpunkt Ihres Urlaubs stehen, bei uns k\u00f6nnen Sie beides erwarten. Unsere Umgebung bietet vielf\u00e4ltige M\u00f6glichkeiten, Ihre Freizeit auf interessante Weise zu gestalten.<\/p>\n\n\n\n<p class=\"has-regular-font-size\">Entdecken Sie unsere Freizeitangebote:<\/p>\n\n\n\n<div class=\"is-layout-flex wp-block-buttons\">\n<div class=\"wp-block-button has-custom-width wp-block-button__width-25 has-custom-font-size is-style-outline\" style=\"font-size:18px\"><a class=\"wp-block-button__link wp-element-button\" href=\"https:\/\/campingpark-siebengebirge.de\/?page_id=14\">Aktivit\u00e4ten<\/a><\/div>\n<\/div>\n\n\n\n<div style=\"height:100px\" aria-hidden=\"true\" class=\"wp-block-spacer\"><\/div>\n\n\n\n<h1>\u00dcbernachtungen:<\/h1>\n\n\n\n<p class=\"has-medium-font-size\">Sie suchen einen tollen Stellplatz, ein Ferienhaus oder ein H\u00fctte f\u00fcr Ihren Campingurlaub oder einen Dauerstellplatz f\u00fcrs Wochenende?<\/p>\n\n\n\n<p><a href=\"https:\/\/campingpark-siebengebirge.de\/?page_id=13\">weiterlesen&#8230;<\/a><\/p>\n\n\n\n<figure class=\"is-layout-flex wp-block-gallery-2 wp-block-gallery has-nested-images columns-default is-cropped\">\n<figure class=\"wp-block-image size-large\"><img decoding=\"async\" loading=\"lazy\" width=\"1024\" height=\"768\" data-id=\"31\"  src=\"https:\/\/campingpark-siebengebirge.de\/wp-content\/uploads\/2022\/10\/Wagen-1024x768.jpg\" alt=\"\" class=\"wp-image-31\" srcset=\"https:\/\/campingpark-siebengebirge.de\/wp-content\/uploads\/2022\/10\/Wagen-1024x768.jpg 1024w, https:\/\/campingpark-siebengebirge.de\/wp-content\/uploads\/2022\/10\/Wagen-300x225.jpg 300w, https:\/\/campingpark-siebengebirge.de\/wp-content\/uploads\/2022\/10\/Wagen-768x576.jpg 768w, https:\/\/campingpark-siebengebirge.de\/wp-content\/uploads\/2022\/10\/Wagen-1536x1152.jpg 1536w, https:\/\/campingpark-siebengebirge.de\/wp-content\/uploads\/2022\/10\/Wagen-2048x1536.jpg 2048w\" sizes=\"(max-width: 1024px) 100vw, 1024px\" \/><\/figure>\n<\/figure>\n\n\n\n<div style=\"height:100px\" aria-hidden=\"true\" class=\"wp-block-spacer\"><\/div>\n\n\n\n<h1><strong>Anfahrt &amp; Umgebung:<\/strong><\/h1>\n\n\n\n<p class=\"has-medium-font-size\">Unser Campingplatz liegt in einem der \u00e4ltesten und sch\u00f6nsten Naturschutzgebiete Deutschlands, am Ende des Siebengebirges. Wir liegen an der Grenze zum Westerwald und sind umgeben von den \u201esieben Bergen\u201c und den Fl\u00fcssen Rhein, Sieg und Lahn.<br>Mehr als 40 Erhebungen ragen \u00fcber dem Rheintal und bilden mit ihrem Panorama einen landschaftlichen H\u00f6hepunkt der Region. Die Berge und T\u00e4ler rund um K\u00f6nigswinter und Bad Honnef sind nach Kottenforst die beliebtesten Naturerholungsgebiete. Das Naturschutzgebiet Siebengebirge grenzt direkt an den Campingplatz.<\/p>\n\n\n\n<figure class=\"wp-block-image\"><a href=\"https:\/\/www.google.com\/maps\/place\/Pleiserhohner+Str.+12,+53639+K%C3%B6nigswinter\/@50.7192242,7.2838882,16z\/data=!4m13!1m7!3m6!1s0x47bee8c103b94aed:0x4d9974556dc0fee0!2sPleiserhohner+Str.+12,+53639+K%C3%B6nigswinter!3b1!8m2!3d50.7192387!4d7.2866208!3m4!1s0x47bee8c103b94aed:0x4d9974556dc0fee0!8m2!3d50.7192387!4d7.2866208\"><img decoding=\"async\" loading=\"lazy\" width=\"1024\" height=\"568\" src=\"https:\/\/campingpark-siebengebirge.de\/wp-content\/uploads\/2022\/11\/map-1-1024x568.png\" alt=\"\" class=\"wp-image-122\" srcset=\"https:\/\/campingpark-siebengebirge.de\/wp-content\/uploads\/2022\/11\/map-1-1024x568.png 1024w, https:\/\/campingpark-siebengebirge.de\/wp-content\/uploads\/2022\/11\/map-1-300x166.png 300w, https:\/\/campingpark-siebengebirge.de\/wp-content\/uploads\/2022\/11\/map-1-768x426.png 768w, https:\/\/campingpark-siebengebirge.de\/wp-content\/uploads\/2022\/11\/map-1.png 1317w\" sizes=\"(max-width: 1024px) 100vw, 1024px\" \/><\/a><figcaption class=\"wp-element-caption\">Adresse:<br>Campingpark Siebengebirge<br><a href=\"https:\/\/www.google.com\/maps\/place\/Pleiserhohner+Str.+12,+53639+K%C3%B6nigswinter\/@50.7192242,7.2838882,16z\/data=!4m13!1m7!3m6!1s0x47bee8c103b94aed:0x4d9974556dc0fee0!2sPleiserhohner+Str.+12,+53639+K%C3%B6nigswinter!3b1!8m2!3d50.7192387!4d7.2866208!3m4!1s0x47bee8c103b94aed:0x4d9974556dc0fee0!8m2!3d50.7192387!4d7.2866208\">Pleiserhohner Str. 12 <\/a><br><a href=\"https:\/\/www.google.com\/maps\/place\/Pleiserhohner+Str.+12,+53639+K%C3%B6nigswinter\/@50.7192242,7.2838882,16z\/data=!4m13!1m7!3m6!1s0x47bee8c103b94aed:0x4d9974556dc0fee0!2sPleiserhohner+Str.+12,+53639+K%C3%B6nigswinter!3b1!8m2!3d50.7192387!4d7.2866208!3m4!1s0x47bee8c103b94aed:0x4d9974556dc0fee0!8m2!3d50.7192387!4d7.2866208\">53639 K\u00f6nigswinter<\/a><\/figcaption><\/figure>\n\n\n\n<div class=\"is-layout-flex wp-block-buttons\">\n<div class=\"wp-block-button has-custom-font-size is-style-outline has-small-font-size\"><a class=\"wp-block-button__link wp-element-button\" href=\"https:\/\/www.google.com\/maps\/place\/Pleiserhohner+Str.+12,+53639+K%C3%B6nigswinter\/@50.7192242,7.2838882,16z\/data=!4m13!1m7!3m6!1s0x47bee8c103b94aed:0x4d9974556dc0fee0!2sPleiserhohner+Str.+12,+53639+K%C3%B6nigswinter!3b1!8m2!3d50.7192387!4d7.2866208!3m4!1s0x47bee8c103b94aed:0x4d9974556dc0fee0!8m2!3d50.7192387!4d7.2866208\">Route planen<\/a><\/div>\n<\/div>\n\n\n","protected":false},"excerpt":{"rendered":"<p>Achtung: Wegen notwendigen Arbeiten ist das Schwimmbad momentan nicht in Betrieb! Naturcamping im Siebengebirge&nbsp; F\u00fcr alle, die eine Auszeit vom&nbsp;hektischem&nbsp;Alltag brauchen. Unser Campingplatz liegt mitten im Siebengebirge und ist ein &hellip;<\/p>\n","protected":false},"author":1,"featured_media":0,"parent":0,"menu_order":0,"comment_status":"closed","ping_status":"closed","template":"","meta":[],"_links":{"self":[{"href":"https:\/\/campingpark-siebengebirge.de\/index.php?rest_route=\/wp\/v2\/pages\/81"}],"collection":[{"href":"https:\/\/campingpark-siebengebirge.de\/index.php?rest_route=\/wp\/v2\/pages"}],"about":[{"href":"https:\/\/campingpark-siebengebirge.de\/index.php?rest_route=\/wp\/v2\/types\/page"}],"author":[{"embeddable":true,"href":"https:\/\/campingpark-siebengebirge.de\/index.php?rest_route=\/wp\/v2\/users\/1"}],"replies":[{"embeddable":true,"href":"https:\/\/campingpark-siebengebirge.de\/index.php?rest_route=%2Fwp%2Fv2%2Fcomments&post=81"}],"version-history":[{"count":16,"href":"https:\/\/campingpark-siebengebirge.de\/index.php?rest_route=\/wp\/v2\/pages\/81\/revisions"}],"predecessor-version":[{"id":304,"href":"https:\/\/campingpark-siebengebirge.de\/index.php?rest_route=\/wp\/v2\/pages\/81\/revisions\/304"}],"wp:attachment":[{"href":"https:\/\/campingpark-siebengebirge.de\/index.php?rest_route=%2Fwp%2Fv2%2Fmedia&parent=81"}],"curies":[{"name":"wp","href":"https:\/\/api.w.org\/{rel}","templated":true}]}}